*2 + 4*i - 2. Let g be q(2). Let j = 17 + g. Let s be (-4)/6 + 466/6. What is the greatest common divisor of s and j?
7
Let w be ((-2)/(-3))/((-2)/(-12)). Suppose w - 37 = -p. Suppose 2*f = -5*g + 1 + p, 3*f = 4*g + 28. What is the highest common divisor of f and 96?
12
Let m be 4/(-14) - (-18)/14. Let d(w) = 5*w**2 + 1. Let t be d(m). Suppose o = -3*o + 192. Calculate the greatest common divisor of t and o.
6
Suppose -5*n + 13 = -17. Let w be ((-9)/n)/((-1)/12). Suppose 0 = -k + 2 + 3, -c + 41 = k. Calculate the highest common divisor of w and c.
18
Let c be -5 - (-17 + -4 + 2). Calculate the greatest common factor of c and 154.
14
Suppose -5*f + 43 - 138 = -2*v, 5*v - 5*f - 275 = 0. Suppose 0 = h - 0*h - 24. What is the highest common factor of v and h?
12
Let m(k) = k + 18. Let v be m(-12). Suppose h - 3 = v. Calculate the highest common factor of 81 and h.
9
Let k be (-3)/(-2) + (-348)/(-8). Calculate the highest common factor of 30 and k.
15
Let g = 90 + 54. Calculate the highest common divisor of 16 and g.
16
Suppose -314 = -4*l - 74. Suppose 2*w = -3*w + l. Let c(q) = -3*q + 3. Let j be c(-5). What is the highest common divisor of j and w?
6
Suppose 0*x - 2*l - 265 = -5*x, 3*l = -3*x + 180. Calculate the highest common factor of 11 and x.
11
Let k be 1011/7 + (-6)/14. Let t = k + -78. Calculate the highest common factor of 6 and t.
6
Let v = 58 - 18. What is the highest common divisor of 60 and v?
20
Let p = -135 + 330. Calculate the greatest common divisor of 78 and p.
39
Let c be (-2)/(-4)*-6 + -8. Let h be (-141)/c + (-20)/(-110). What is the highest common divisor of h and 65?
13
Let t be -1*(-2 + (2 + -5)/(-3)). Calculate the highest common divisor of 7 and t.
1
Let i be 11 - (0*(-5)/(-20) - 1). What is the greatest common factor of i and 12?
12
Suppose -12 = -4*k - 0*k. Let t be 464/24 - k/9. Calculate the highest common divisor of t and 19.
19
Let c(b) = -2*b. Let l be c(-1). Suppose 0 = l*a + 3*a - 20. Suppose -3*m - 2*f = -266, -2*f - 351 = -a*m - f. Calculate the greatest common factor of m and 11.
11
Let z(h) = 1 - 2*h + 1 + 3*h - 10. Let s be z(8). Suppose r + 4 = o - s*o, 0 = 4*r - 20. Calculate the greatest common factor of 1 and o.
1
Let y be 585/(-6)*(1 + (-10)/6). Calculate the greatest common divisor of y and 13.
13
Suppose 5*c + 6 - 15 = -p, -2*p = -5*c - 18. Calculate the greatest common factor of p and 9.
9
Suppose 0 = 5*x - 9*x - 16. Let b(a) = -2*a + 4. Let z be b(x). Calculate the greatest common factor of z and 6.
6
Let h = 55 + -31. Suppose 5*t = 64 - h. Calculate the highest common factor of t and 16.
8
Suppose 0 = -2*x - 0*x + 136. Suppose 2*i - 132 = 2*a - 6*a, 99 = 3*a - 3*i. Let z = -16 + a. Calculate the greatest common factor of z and x.
17
Suppose 6*b = 8*b - 154. What is the highest common divisor of 7 and b?
7
Let u be (-5)/(-2) - 6/(-4). Suppose q + q - 17 = -f, 5*f - 25 = 0. Suppose -l + q = -u. What is the greatest common factor of 90 and l?
10
Let x(b) = b**3 + b**2 + b. Let a be x(2). Let m = -144 - -158. What is the highest common divisor of m and a?
14
Let j(b) = 2*b + 4. Let v be j(5). Let m = -7 + v. Let u = 9 - m. Calculate the greatest common factor of u and 10.
2
Suppose -5*k + 3*k = 0. Suppose -32 = -k*b - 4*b. Let d be 24/9*30/b. Calculate the highest common factor of 80 and d.
10
Let m(a) be the second derivative of a**5/20 - a**4/4 + a**3/3 - 3*a**2 + 3*a. Let k = 7 - 3. Let r be m(k). Calculate the highest common divisor of r and 12.
6
Suppose -2*h + 20 = 4*d, 3*d + 3*h - 16 = 2*h. Suppose -b - 105 = -d*b. Calculate the highest common factor of b and 3.
3
Suppose -2*x - 3*v + 33 = -2*v, x - 2*v - 9 = 0. What is the highest common divisor of 45 and x?
15
Let z(s) = s**2 + 10*s + 4. Let i be z(-8). Let v be (i/16)/(2/(-8)). Calculate the highest common factor of v and 15.
3
Let v be (-124)/(-2)*2/4. Let i = v + -19. What is the greatest common divisor of i and 108?
12
Suppose -2*i = -i + 5. Let n(c) = c**2 - 2*c. Let v be n(i). Calculate the highest common factor of 7 and v.
7
Let w = 1 + -5. Let u be (-6 - 1)/(w/12). Let f(n) = 41*n + 1. Let s be f(1). What is the greatest common divisor of u and s?
21
Let o be (-220)/15*81/(-6). What is the highest common divisor of o and 22?
22
Let p be -3 - (-18)/7*(-14)/(-3). Calculate the greatest common factor of p and 81.
9
Let c be (-6)/4*16/(-6). What is the highest common divisor of c and 8?
4
Suppose -f - f - 140 = -3*k, 0 = -2*f + 4. Suppose 3*l = -l + k. Calculate the highest common divisor of 108 and l.
12
Let t = 175 + -115. What is the highest common factor of 12 and t?
12
Let f = 64 - 45. Let i be 4 + f + 3 + -6. What is the greatest common divisor of i and 160?
20
Let d = -8 + 11. Suppose 0 = -d*j + 34 + 20. What is the greatest common factor of 12 and j?
6
Suppose -4 = -2*x + 22. Suppose 6*o - 195 = o. What is the greatest common divisor of o and x?
13
Let t(j) = 9*j**2 - 3*j + 3. Let y be t(-2). What is the highest common factor of y and 9?
9
Suppose -5*a + 2*a = -90. Let o be 58*1*(-1)/(-1). Suppose 4*r + 0*l - o = 2*l, 2*r = -3*l + 9. Calculate the greatest common divisor of r and a.
6
Let i be (1 - -4)/(1/18). Let l = 11 - 8. Let v be ((-2)/l)/(5/(-270)). What is the highest common divisor of v and i?
18
Let n be (-1650)/(-105) - (-2)/7. What is the greatest common divisor of 4 and n?
4
Suppose 23 = -b + 2*b - 3*q, 0 = b + 5*q - 15. Suppose 2*m - b = -2*m. Calculate the highest common factor of 35 and m.
5
Let a(s) = 23*s**2 - 2*s. Let g(j) = -j**2 - 7*j - 8. Let d be g(-5). Let c be a(d). Calculate the greatest common divisor of 11 and c.
11
Let w(g) = g**3 - 9*g**2 - 19*g + 15. Let p be w(11). Suppose -5*a = 4*o - 0*a - 148, 2*a = 8. Calculate the greatest common factor of p and o.
16
Suppose -35 = -m + 3*z, -3*m + 7 = 3*z - 38. What is the greatest common divisor of m and 30?
10
Let c be 565/7 - 4/(-14). Let s = 29 + c. Let k(g) = -9*g**3 + 1. Let v be k(-1). What is the greatest common divisor of s and v?
10
Suppose -2*b + 168 = 40. Suppose -i - 3*i = -b. Calculate the highest common divisor of 48 and i.
16
Let o be 59 + 2*(-3)/6. Let k be o/5 + 4/10. Let m(b) = -b**3 + 11*b**2 + 16*b - 18. Let s be m(12). Calculate the highest common divisor of s and k.
6
Suppose -3*f = -20 - 19. Let b = f + 17. Calculate the highest common factor of b and 75.
15
Let s be (-10)/8*4*-1. Let o(b) = b + 6. Let k be o(-6). Suppose -t + 0 + 5 = k. What is the highest common factor of s and t?
5
Let p(m) = 4*m + 7 - 2*m - m. Let g be p(-5). Suppose 5*n + g*z = 96, -n - 3*z + 10 = 2*z. Calculate the highest common divisor of 10 and n.
10
Let i be 0*1/4*-2. Suppose 3*n + i*n - 76 = -b, -5*n - b = -124. Calculate the greatest common factor of 3 and n.
3
Let g = 47 + -33. Suppose -p + 3*p = g. Calculate the greatest common divisor of p and 63.
7
Let k(j) = j + 7. Let g be k(-7). Suppose 0 = -3*v + 4*t - 2 + 1, g = v - 4*t + 3. Let u be 130 - (v + (1 - 2)). What is the highest common divisor of u and 13?
13
Let i be ((-68)/(-24)*-2)/(1/(-39)). Calculate the highest common factor of 17 and i.
17
Let y(s) = -s**3 - 6*s**2 + 2. Let h be y(-6). Let t(o) = 6*o**2 + 1. Let z be t(h). Calculate the highest common divisor of z and 10.
5
Suppose 2*b = 3*i - 10, 0*b - 3*b = 2*i - 11. What is the highest common factor of 8 and b?
1
Let h = 202 + -122. Calculate the greatest common divisor of h and 10.
10
Let q(v) = 3*v + 17. Let s be q(11). Calculate the greatest common divisor of 20 and s.
10
Suppose -3*n = -5*k - 4*n + 311, -59 = -k - n. What is the greatest common divisor of k and 21?
21
Let g = 160 - 61. Suppose 0 = 5*k - 4*c + 25, -2*k - 3 = -3*c + 7. Let m(z) = z**2 + 4*z + 6. Let f be m(k). What is the highest common factor of f and g?
11
Suppose 3*t = -0*t + 3, -2*m + 3*t + 1 = 0. Suppose -5*q = m*j - 124, q + 3*q - 116 = 4*j. Let k = -142 - -207. What is the greatest common divisor of k and q?
13
Let j(d) = d - 2. Let g be j(4). Let t be g/3 + 77/33. What is the greatest common divisor of t and 27?
3
Suppose -2*x = 5 - 41. Suppose 0*g - 3*g + 5*o + 125 = 0, -178 = -4*g + o. Calculate the greatest common divisor of g and x.
9
Suppose -f - 244 = -2*c, -c + 6*c + 3*f - 588 = 0. Suppose w + c = -4*w. Let l = w - -66. What is the highest common factor of